e
Is 7005013 a multiple of 1239?
False
Is 66 a factor of 16956522?
True
Is 155657 a multiple of 64?
False
Does 7 divide 163107?
True
Does 16 divide 115296?
True
Is 129 a factor of 123415?
False
Is 46 a factor of 368026?
False
Is 5564988 a multiple of 141?
True
Does 35 divide 2553075?
True
Is 5685394 a multiple of 37?
False
Does 76 divide 315248?
True
Is 87 a factor of 1149096?
True
Is 145883 a multiple of 35?
False
Is 305 a factor of 432326?
False
Does 686 divide 124852?
True
Is 917393 a multiple of 149?
True
Is 18 a factor of 21366?
True
Does 342 divide 2085516?
True
Is 388579 a multiple of 73?
True
Is 433 a factor of 431701?
True
Is 25 a factor of 372475?
True
Is 103950 a multiple of 135?
True
Is 717887 a multiple of 183?
False
Does 25 divide 898850?
True
Does 89 divide 15486?
True
Does 12 divide 1047572?
False
Is 158042 a multiple of 4?
False
Is 166 a factor of 226972?
False
Is 169 a factor of 2740504?
True
Is 1274880 a multiple of 256?
True
Is 164430 a multiple of 29?
True
Does 331 divide 889066?
True
Does 114 divide 47847?
False
Is 23 a factor of 1080954?
True
Is 261 a factor of 97672?
False
Is 59 a factor of 2645016?
False
Does 28 divide 9892624?
True
Is 157 a factor of 61544?
True
Does 182 divide 883246?
True
Is 2 a factor of 43727?
False
Is 69 a factor of 74100?
False
Does 65 divide 244660?
True
Is 7 a factor of 745486?
True
Is 6 a factor of 26816?
False
Is 106 a factor of 2257274?
False
Is 79 a factor of 174195?
True
Is 36 a factor of 8504928?
True
Is 163114 a multiple of 11?
False
Is 46 a factor of 11812156?
True
Does 949 divide 4586517?
True
Is 659 a factor of 2920436?
False
Is 29 a factor of 51910?
True
Is 97 a factor of 1032243?
False
Is 6521353 a multiple of 17?
True
Is 1949224 a multiple of 668?
True
Is 808 a factor of 2337544?
True
Is 24 a factor of 10572012?
False
Is 349584 a multiple of 13?
False
Is 3554215 a multiple of 623?
True
Is 1908034 a multiple of 46?
True
Does 96 divide 121941?
False
Is 1168880 a multiple of 19?
True
Does 13 divide 475723?
False
Does 11 divide 171437?
False
Is 14 a factor of 259905?
False
Is 15238608 a multiple of 57?
True
Is 1064877 a multiple of 105?
False
Is 868390 a multiple of 11?
False
Is 246491 a multiple of 15?
False
Does 12 divide 20292?
True
Is 11 a factor of 4402?
False
Does 6 divide 406008?
True
Does 11 divide 5900672?
False
Is 388 a factor of 732932?
True
Is 44 a factor of 40884?
False
Is 15 a factor of 3454824?
False
Does 29 divide 382153?
False
Is 1254 a factor of 1399464?
True
Is 79286 a multiple of 58?
True
Is 279104 a multiple of 14?
True
Is 460314 a multiple of 72?
False
Does 895 divide 2475570?
True
Does 323 divide 923457?
True
Is 51012 a multiple of 57?
False
Does 30 divide 3332130?
True
Is 211 a factor of 157617?
True
Is 566 a factor of 4169245?
False
Is 455270 a multiple of 10?
True
Is 386 a factor of 861964?
False
Does 239 divide 189049?
True
Is 40 a factor of 9127615?
False
Is 161094 a multiple of 24?
False
Does 132 divide 892452?
True
Is 1657 a factor of 7201322?
True
Does 7 divide 10918?
False
Is 5309828 a multiple of 164?
True
Is 786 a factor of 865386?
True
Is 156769 a multiple of 366?
False
Does 29 divide 116853?
False
Is 699871 a multiple of 317?
False
Is 13 a factor of 539516?
False
Is 17596 a multiple of 33?
False
Is 68 a factor of 283754?
False
Is 816872 a multiple of 14?
True
Is 15505 a multiple of 10?
False
Is 217288 a multiple of 26?
False
Is 164 a factor of 773916?
True
Does 89 divide 107423?
True
Is 66 a factor of 2607263?
False
Is 14242968 a multiple of 72?
True
Does 617 divide 483665?
False
Is 7 a factor of 1497566?
True
Is 157 a factor of 268784?
True
Does 120 divide 153836?
False
Is 17 a factor of 14430722?
True
Is 902016 a multiple of 58?
True
Does 92 divide 3919016?
True
Is 6 a factor of 23893?
False
Is 160644 a multiple of 276?
False
Is 5418218 a multiple of 16?
False
Does 16 divide 7390683?
False
Is 77 a factor of 20059193?
True
Is 79 a factor of 3672380?
False
Is 159685 a multiple of 45?
False
Is 74371 a multiple of 173?
False
Is 204 a factor of 100368?
True
Does 74 divide 2666986?
False
Is 1625496 a multiple of 12?
True
Does 458 divide 1432605?
False
Is 136895 a multiple of 11?
True
Is 474370 a multiple of 26?
True
Is 25 a factor of 52377?
False
Is 38 a factor of 255475?
False
Does 12 divide 859656?
True
Is 10202040 a multiple of 40?
True
Is 71 a factor of 280769?
False
Does 14 divide 289828?
True
Is 2054720 a multiple of 952?
False
Is 771567 a multiple of 1038?
False
Does 474 divide 22698?
False
Is 78 a factor of 311298?
True
Is 18 a factor of 1066631?
False
Is 59 a factor of 4143688?
True
Is 1220965 a multiple of 113?
True
Is 484067 a multiple of 398?
False
Is 145704 a multiple of 6?
True
Is 1552576 a multiple of 68?
True
Is 9 a factor of 2076335?
False
Is 8199229 a multiple of 90?
False
Does 10 divide 1164405?
False
Is 213240 a multiple of 13?
False
Does 12 divide 1962144?
True
Is 21 a factor of 161091?
True
Is 121440 a multiple of 59?
False
Does 460 divide 1075480?
True
Is 1617986 a multiple of 1245?
False
Is 5776850 a multiple of 26?
False
Is 39 a factor of 686790?
True
Is 320754 a multiple of 6?
True
Is 524 a factor of 210648?
True
Is 359293 a multiple of 367?
True
Is 1994905 a multiple of 415?
True
Does 25 divide 204807?
False
Does 29 divide 4263?
True
Is 95 a factor of 26823?
False
Does 281 divide 625823?
False
Does 82 divide 141775?
False
Is 19 a factor of 619590?
True
Is 47 a factor of 189269?
True
Is 23 a factor of 17153654?
False
Does 7 divide 230125?
True
Does 21 divide 3648645?
True
Is 2375014 a multiple of 410?
False
Does 381 divide 203121?
False
Is 197405 a multiple of 5?
True
Is 1097596 a multiple of 105?
False
Is 808428 a multiple of 6?
True
Is 183060 a multiple of 339?
True
Is 22 a factor of 172272?
False
Is 558188 a multiple of 2?
True
Does 31 divide 75578?
True
Does 85 divide 1018215?
True
Is 1700507 a multiple of 47?
True
Does 8 divide 242424?
True
Is 9 a factor of 418579?
False
Does 25 divide 3413450?
True
Does 46 divide 3090509?
False
Is 218928 a multiple of 48?
True
Is 123000 a multiple of 124?
False
Is 1030195 a multiple of 585?
False
Is 19 a factor of 24339?
True
Does 92 divide 613288?
False
Is 52 a factor of 1646008?
True
Does 187 divide 100149?
False
Is 7495736 a multiple of 65?
False
Is 90743 a multiple of 881?
True
Does 46 divide 423522?
True
Is 21684 a multiple of 556?
True
Does 58 divide 318018?
False
Is 236669 a multiple of 33?
False
Is 684809 a multiple of 176?
False
Does 13 divide 2379259?
False
Is 1033914 a multiple of 71?
False
Does 171 divide 78484?
False
Is 193 a factor of 1113674?
False
Is 2060336 a multiple of 488?
True
Is 67236 a multiple of 26?
True
Is 8 a factor of 11627589?
False
Is 2555843 a multiple of 71?
False
Does 30 divide 152400?
True
Is 120 a factor of 416294?
False
Is 11 a factor of 405683?
False
Is 43 a factor of 3506091?
True
Does 2 divide 1360589?
False
Does 45 divide 1352325?
False
Does 24 divide 9230?
False
Is 124841 a multiple of 8?
False
Does 13 divide 2154957?
False
Is 124205 a multiple of 958?
False
Is 104958 a multiple of 49?
True
Is 17730 a multiple of 2?
True
Is 48942 a multiple of 18?
True
Is 349 a factor of 25771?
False
Is 4810788 a multiple of 18?
True
Is 57 a factor of 62513?
False
Does 83 divide 9473?
False
Is 20 a factor of 994560?
True
Does 28 divide 86828?
True
Does 4 divide 908724?
True
Is 1506 a factor of 10816092?
True
Does 8 divide 5506048?
True
Does 22 divide 8602?
True
Does 101 divide 17212925?
True
Does 3 divide 608383?
False
Does 2 divide 26556?
True
Does 669 divide 822201?
True
Does 27 divide 222345?
True
Is 55240 even?
True
Does 1232 divide 16987750?
False
Is 261 a factor of 1257094?
False
Does 141 divide 3241515?
False
Does 249 divide 5695866?
False
Is 10 a factor of 34224?
False
Is 30082 a multiple of 129?
False
Is 37 a factor of 1845816?
False
Does 144 divide 644112?
True
Does 13 divide 423440?
False
Is 9 a factor of 13918?
False
Is 663 a factor of 14253174?
True
Is 2 a factor of 1555592?
True
Is 7 a factor of 4604831?
True
Is 151 a factor of 24618951?
False
Is 24614000 a multiple of 62?
True
Does 118 divide 21370?
False
Is 496743 a multiple of 59?
False
Is 13 a factor of 719497?
False
Is 15 a factor of 384059?
False
Does 105 divide 4297681?
False
Does 142 divi